ime factors of 1183492?
2, 295873
List the prime factors of 4567929.
3, 1522643
What are the prime factors of 4458278?
2, 11, 37, 5477
What are the prime factors of 4115913?
3, 19, 163, 443
What are the prime factors of 7189734?
2, 3, 1198289
List the prime factors of 1985377.
1985377
What are the prime factors of 16005381?
3, 7, 17, 107, 419
List the prime factors of 1131791.
809, 1399
What are the prime factors of 1172631?
3, 390877
List the prime factors of 2767563.
3, 37, 8311
What are the prime factors of 1025576?
2, 17, 7541
What are the prime factors of 627882?
2, 3, 227, 461
List the prime factors of 3610496.
2, 67, 421
What are the prime factors of 18115210?
2, 5, 47, 38543
What are the prime factors of 714049?
7, 83, 1229
List the prime factors of 1041756.
2, 3, 86813
List the prime factors of 973133.
7, 43, 53, 61
List the prime factors of 167310.
2, 3, 5, 11, 13
List the prime factors of 586783.
37, 15859
List the prime factors of 7120228.
2, 641, 2777
List the prime factors of 197364.
2, 3, 16447
List the prime factors of 4060007.
7, 580001
What are the prime factors of 122085?
3, 5, 2713
List the prime factors of 594059.
227, 2617
What are the prime factors of 14638236?
2, 3, 37, 32969
What are the prime factors of 181570?
2, 5, 67, 271
List the prime factors of 2106438.
2, 3, 569, 617
What are the prime factors of 138598?
2, 23, 131
List the prime factors of 10597823.
43, 193, 1277
What are the prime factors of 163040?
2, 5, 1019
List the prime factors of 2405821.
11, 218711
List the prime factors of 7820390.
2, 5, 317, 2467
What are the prime factors of 10864093?
10864093
List the prime factors of 6353978.
2, 3176989
What are the prime factors of 8298342?
2, 3, 13, 11821
What are the prime factors of 13753355?
5, 7, 11, 139, 257
What are the prime factors of 3428204?
2, 13, 65927
List the prime factors of 718422.
2, 3, 119737
List the prime factors of 2530047.
3, 13, 29, 2237
List the prime factors of 201657.
3, 67219
What are the prime factors of 1917329?
1917329
What are the prime factors of 13240132?
2, 347, 9539
List the prime factors of 153819.
3, 211
List the prime factors of 14177.
14177
What are the prime factors of 844855?
5, 11, 15361
What are the prime factors of 259388?
2, 19, 3413
List the prime factors of 2955522.
2, 3, 492587
List the prime factors of 913890.
2, 3, 5, 41, 743
List the prime factors of 48333.
3, 16111
What are the prime factors of 1049071?
31, 43, 787
What are the prime factors of 1600741?
1600741
What are the prime factors of 1717913?
1717913
What are the prime factors of 5096666?
2, 2548333
What are the prime factors of 228695?
5, 53, 863
What are the prime factors of 342170?
2, 5, 34217
What are the prime factors of 4456005?
3, 5, 297067
List the prime factors of 601897.
601897
What are the prime factors of 1441637?
1441637
List the prime factors of 230313.
3, 76771
List the prime factors of 520062.
2, 3, 86677
List the prime factors of 2151785.
5, 430357
What are the prime factors of 1573260?
2, 3, 5, 13, 2017
What are the prime factors of 123984?
2, 3, 7, 41
What are the prime factors of 1656362?
2, 389, 2129
What are the prime factors of 37325237?
151, 1637
List the prime factors of 12034005.
3, 5, 103, 7789
List the prime factors of 827334.
2, 3, 5107
List the prime factors of 4215104.
2, 67, 983
What are the prime factors of 363789?
3, 83, 487
List the prime factors of 1475707.
367, 4021
List the prime factors of 6961732.
2, 23, 31, 2441
What are the prime factors of 8320628?
2, 2080157
What are the prime factors of 78516?
2, 3, 727
What are the prime factors of 2172264?
2, 3, 90511
What are the prime factors of 305960?
2, 5, 7649
List the prime factors of 23590894.
2, 19, 620813
List the prime factors of 3774782.
2, 11, 17, 10093
What are the prime factors of 322046?
2, 23, 7001
List the prime factors of 340412.
2, 85103
What are the prime factors of 2502223?
659, 3797
List the prime factors of 1066384.
2, 11, 73, 83
List the prime factors of 345265.
5, 199, 347
List the prime factors of 1612240.
2, 5, 7, 2879
List the prime factors of 665133.
3, 7, 19, 1667
List the prime factors of 1382762.
2, 691381
List the prime factors of 372501.
3, 41389
List the prime factors of 7701925.
5, 7, 11, 4001
List the prime factors of 3370155.
3, 5, 224677
List the prime factors of 1236993.
3, 31, 47, 283
What are the prime factors of 738041?
41, 47, 383
What are the prime factors of 203260?
2, 5, 10163
List the prime factors of 84662.
2, 42331
What are the prime factors of 1323382?
2, 17, 38923
What are the prime factors of 12511763?
11, 53, 1951
List the prime factors of 27492734.
2, 19, 723493
What are the prime factors of 6925802?
2, 13, 41, 73, 89
What are the prime factors of 7506160?
2, 5, 93827
What are the prime factors of 29562447?
3, 599, 16451
What are the prime factors of 214172?
2, 7, 7649
List the prime factors of 260472.
2, 3, 10853
List the prime factors of 21778564.
2, 17, 320273
List the prime factors of 454884.
2, 3, 37907
List the prime factors of 404906.
2, 17, 11909
What are the prime factors of 393527?
193, 2039
List the prime factors of 32616146.
2, 16308073
What are the prime factors of 1591497?
3, 19, 41, 227
List the prime factors of 8483096.
2, 397, 2671
What are the prime factors of 143638?
2, 11, 6529
List the prime factors of 447899.
17, 26347
List the prime factors of 941091.
3, 23, 593
List the prime factors of 4405232.
2, 13, 21179
List the prime factors of 852236.
2, 7, 11, 2767
What are the prime factors of 454898?
2, 19, 11971
List the prime factors of 307336.
2, 41, 937
What are the prime factors of 74795?
5, 7, 2137
What are the prime factors of 2407622?
2, 7, 47, 3659
List the prime factors of 428080.
2, 5, 5351
List the prime factors of 7707521.
19, 405659
What are the prime factors of 7736360?
2, 5, 17, 31, 367
List the prime factors of 346455.
3, 5, 7699
What are the prime factors of 109755?
3, 5, 271
List the prime factors of 5569256.
2, 7, 11, 9041
List the prime factors of 765285.
3, 5, 163, 313
List the prime factors of 708098.
2, 487, 727
List the prime factors of 1528.
2, 191
List the prime factors of 523225.
5, 20929
What are the prime factors of 418612?
2, 229, 457
What are the prime factors of 410220?
2, 3, 5, 43, 53
List the prime factors of 12893816.
2, 13, 123979
What are the prime factors of 5442358?
2, 53, 51343
List the prime factors of 2056210.
2, 5, 13, 15817
List the prime factors of 192141.
3, 37, 577
What are the prime factors of 3110373?
3, 7, 2351
What are the prime factors of 18094531?
7, 13, 198841
What are the prime factors of 105271?
23, 199
What are the prime factors of 19862541?
3, 157, 14057
What are the prime factors of 1803703?
11, 163973
List the prime factors of 625699.
625699
What are the prime factors of 1584105?
3, 5, 105607
What are the prime factors of 162147?
3, 54049
What are the prime factors of 2229701?
2229701
List the prime factors of 408248.
2, 51031
What are the prime factors of 1700434?
2, 41, 89, 233
List the prime factors of 224241.
3, 74747
What are the prime factors of 2730651?
3, 7, 11, 11821
What are the prime factors of 224009?
17, 13177
What are the prime factors of 81089?
131, 619
List the prime factors of 111030.
2, 3, 5, 3701
List the prime factors of 9902275.
5, 396091
List the prime factors of 321281.
101, 3181
List the prime factors of 397368.
2, 3, 5519
List the prime factors of 17321489.
17321489
What are the prime factors of 932596?
2, 7, 19, 1753
What are the prime factors of 1441452?
2, 3, 120121
What are the prime factors of 6615380?
2, 5, 17, 19457
What are the prime factors of 2928845?
5, 17, 34457
What are the prime factors of 191891?
7, 79, 347
What are the prime factors of 3662991?
3, 19, 31, 691
List the prime factors of 5026692.
2, 3, 11, 113, 337
List the prime factors of 117960.
2, 3, 5, 983
List the prime factors of 453546.
2, 3, 37, 227
What are the prime factors of 1593023?
307, 5189
List the prime factors of 4986401.
7, 71, 79, 127
What are the prime factors of 57985?
5, 11597
What are the prime factors of 364805?
5, 7, 1489
What are the prime factors of 16118984?
2, 7, 73, 3943
List the prime factors of 8442490.
2, 5, 7, 120607
List the prime factors of 8454406.
2, 17, 14627
W